4 - (-1165)/35. What is the highest common divisor of 3 and p?
3
Suppose -2*g = -0*g + 10. Let x(p) = 2*p**2 + 3*p + 7. Let v be x(g). Suppose -3*r = -2*r - 21. Calculate the highest common factor of v and r.
21
Let f = 2649 + -2628. Let h = -26 + 115. Suppose 4*b - h = -5*m, m - 3*m - 103 = -5*b. What is the greatest common factor of b and f?
21
Let y be (-19)/(-38) - (-335)/2. What is the greatest common factor of y and 756?
84
Let n(g) = -3*g**3 - 26*g**2 - 3*g - 38. Let i be n(-9). Calculate the highest common divisor of 14 and i.
14
Let p(k) = 4 - 2*k**2 - 11 - 2*k**2 - 3*k + 5*k**2. Let i be p(6). What is the highest common divisor of i and 44?
11
Suppose 1184 - 7016 = -27*y. What is the highest common divisor of 120 and y?
24
Let i = -1 + 0. Let f(n) = -14*n + 2. Let j be f(i). What is the highest common factor of 176 and j?
16
Let w be (-214)/(-6) + (-1)/(-3). Suppose -3*m + 3*s = -w, -3*m = -8*m - 4*s + 24. Let l = -4 - -8. What is the highest common factor of l and m?
4
Suppose 2*i = -5*j + 732, -10*i + 363 = -9*i + j. What is the greatest common divisor of 57 and i?
19
Let n(q) = -q**3 + 17*q**2 - 16*q + 38. Let l be n(16). What is the greatest common divisor of 4 and l?
2
Suppose 79*m - 4*m - 2550 = 0. What is the highest common divisor of m and 1768?
34
Let p be (1077 + -3)/(2/1). Suppose 0 = -6*k + p + 3. Calculate the highest common factor of 10 and k.
10
Let i = 860 - 275. Calculate the highest common factor of 180 and i.
45
Suppose 5*n - 103 + 23 = 0. Let f = 33 - -47. What is the highest common divisor of n and f?
16
Suppose 0 = 84*f - 86*f + 54. What is the greatest common factor of f and 39?
3
Let a(j) = j**2 - 6*j + 5. Let y be a(5). Suppose -5*p + 15 = k, p = -k - y + 3. What is the highest common divisor of p and 27?
3
Suppose -3*c - 2*c + 2*x = -47, 3*c - 4*x - 17 = 0. Calculate the highest common factor of 649 and c.
11
Suppose 4*u - 116 = -4*v, 3*v - 2*u - 90 = -4*u. What is the greatest common factor of v and 1?
1
Let z(p) = -p**3 + 5*p**2 - 3*p + 8. Let b be z(6). Let o = b - -54. Calculate the greatest common factor of 16 and o.
8
Suppose 11265 = 8*w - 1023. What is the greatest common divisor of 24 and w?
24
Let d be 104/(-2)*(4 - (-27)/(-6)). Calculate the highest common factor of 130 and d.
26
Suppose 10*o - 3*o = 455. Calculate the highest common divisor of o and 65.
65
Let d(j) = -j**3 + 21*j**2 + 5*j - 26. Let r be d(20). Let s = -289 + r. What is the highest common divisor of s and 37?
37
Suppose 0 = -2*j + 7*j - 10. Let r be 0/j - (-8)/4. Let g = r + 7. What is the highest common divisor of 27 and g?
9
Let r = 199 - -22. Let x = -149 + r. Calculate the greatest common divisor of 9 and x.
9
Let w(z) = 13*z**3 - 4*z**2 + 3*z - 1. Let k be w(2). Suppose 4*u - 66 = -a, -u = 2*u - 3. Calculate the greatest common factor of a and k.
31
Let b = -89 + 79. Let x be (15/b)/(5/(-50)). Calculate the greatest common factor of x and 6.
3
Let c(p) = 13*p - 371. Let w be c(37). What is the highest common divisor of w and 495?
55
Suppose -4*w + 82 = 3*j, 3*j = 2*j + 4*w + 22. Let o be (130/(-3))/(7/(-21)). Calculate the highest common factor of j and o.
26
Let b = -1419 + 2211. What is the highest common factor of 360 and b?
72
Suppose 5*t = t + 24. Let r be (0*(-4)/12*-3)/1. Suppose r = l - x - x - 40, 4*x = 5*l - 170. What is the greatest common factor of t and l?
6
Let o = 7 - -13. Let u(q) = -q**3 + 21*q**2 - 19*q + 28. Let b be u(o). Calculate the greatest common factor of b and 12.
12
Suppose 0 = -3*h + z - 6 + 51, 30 = 2*h - 2*z. Let l(k) = -17*k**3 + 2*k + 1. Let w be l(-1). Let y = 26 - w. What is the highest common divisor of y and h?
5
Suppose 42 = -4*l + 2*l. Let d be (-2)/((6/(-20))/((-3)/(-2))). Let h be d*(2 + l/(-6)). Calculate the highest common factor of 11 and h.
11
Let h = 81 + -38. Let r = 61 - h. Let s(m) = -5*m**3 + 2*m - 3. Let n be s(-3). Calculate the highest common divisor of r and n.
18
Let b be -18*(-116)/6 + -5. What is the highest common divisor of 98 and b?
49
Let i(r) = 6*r + 1. Let j be i(4). Suppose -4*q = 16 - 76. Let w = j - q. What is the greatest common divisor of 5 and w?
5
Let c(g) = 5*g**2 + 42*g - 19. Let z be c(-9). Calculate the greatest common divisor of z and 892.
4
Suppose -k = 2*s - 4 + 1, 4*k = -4. Let z(p) = 10*p - 4. Let m be z(s). Let j = m - 4. What is the greatest common factor of j and 18?
6
Let x = -32 + 22. Let i(u) = u**3 + 10*u**2 - u - 5. Let b be i(x). Let h be 17 + -1 - (-3 + 4). Calculate the highest common divisor of b and h.
5
Let y be (93 - 3)/(13 - 11). What is the highest common factor of y and 63?
9
Let z(i) = -19*i - 61. Let m be z(-4). What is the highest common factor of 15 and m?
15
Suppose -29*q + 827 = 5*d - 30*q, -d + 173 = -4*q. Calculate the highest common factor of 55 and d.
55
Suppose 75*j + 871 - 2671 = 0. What is the highest common factor of 504 and j?
24
Let u(d) = -2 - 4*d + 1 + 4*d**3 + 5*d. Let s be u(1). Suppose s*c = 194 - 54. What is the highest common factor of c and 7?
7
Let c(y) = 8*y**2 + 3*y - 2. Let w(n) = 7*n**2 + 3*n - 2. Let t(z) = -6*c(z) + 7*w(z). Let d be t(7). Calculate the greatest common factor of 17 and d.
17
Suppose 114 = 4*m - 38. Let u be 2 + 434/6 + 5/(-21)*-7. What is the highest common divisor of u and m?
38
Let v be ((-9)/6)/(11433/(-1632) + 7). Calculate the highest common divisor of v and 34.
34
Suppose -49*d = -5*d - 10120. Calculate the highest common factor of d and 20.
10
Let v = 304 - 194. Suppose 4*o - 151 = -o + 4*y, 0 = -3*y - 12. Let m = o - 16. What is the greatest common divisor of m and v?
11
Let d(o) = 11*o**2 + 35*o - 308. Let n be d(7). What is the highest common factor of 136 and n?
68
Suppose 0*a - 2 = -2*a. Let b be -2 - -14 - (0 + a). Let g = -475 - -574. Calculate the highest common divisor of g and b.
11
Let v(r) = -r**3 + 3*r**2 + r - 2. Let s be v(2). Suppose s*u + 35 = 11*u. What is the highest common divisor of u and 40?
5
Let a(u) = 39*u + 32. Let k be a(4). Calculate the highest common divisor of 141 and k.
47
Let i(q) = -2 + 19*q + 25*q - 12*q. Let l(y) = -y - 2. Let c be l(-3). Let f be i(c). Calculate the highest common divisor of 300 and f.
30
Let f(m) = -14*m - 163. Let u be f(-17). What is the highest common factor of u and 275?
25
Suppose 0 = -5*j - 261 - 39. Let a = j + 132. Let p = -69 - -77. Calculate the highest common factor of a and p.
8
Suppose -u = 5*i - 609, u + 484 = 4*i + 5*u. What is the greatest common divisor of 1159 and i?
61
Let z(t) = 12*t**2 - t + 1. Let s be z(1). Let x be 11 + -9 + (-37 - -1). Let r = x - -58. What is the highest common factor of s and r?
12
Suppose -282 + 3 = 9*b. Let l = 42 + b. What is the highest common divisor of 33 and l?
11
Let r = 8 - 5. Let x = -1583 - -1595. What is the greatest common factor of x and r?
3
Let k(t) = -22*t - 101. Let o be k(-11). Calculate the highest common factor of 47 and o.
47
Suppose -13 - 50 = -7*z. Suppose -2*r = -r - z. What is the greatest common divisor of r and 12?
3
Let j be (-27)/12*(-320)/12. Suppose -j = -3*g - g. Let m be 9/2*(23 + 7). What is the highest common divisor of m and g?
15
Let i be 2*3/(-6) + 3. Suppose -i*v + 3 = -19. Suppose 0 = -5*c + 3*x + 232, x + 7 = 3. What is the greatest common divisor of c and v?
11
Suppose -2*p + 70 = -2*t, 3*p - 2*t - 100 = -0*t. What is the highest common factor of p and 1065?
15
Let j(f) be the third derivative of f**5/30 - f**4/2 - 5*f**3/3 + 15*f**2. Let w be j(10). What is the greatest common factor of 10 and w?
10
Suppose 2*a + 19 = -4*u + 85, -5*a = -2*u + 51. What is the highest common factor of 24 and u?
6
Suppose -5*l - 5*h + 5 = 0, -5*l + 11 = -h - 0. Suppose 0 = -l*x + x + 9. What is the greatest common divisor of x and 1?
1
Let s be ((-20)/8)/(1/26). Let z be (8/52 - 42/s)*25. Calculate the greatest common divisor of 12 and z.
4
Let j be (2/(-5))/((9/(-15))/3). Let m = -6 - -16. Let s be (-1)/((-1)/j) + m. What is the greatest common factor of 6 and s?
6
Suppose -f - 2*f = -15, 2*z - 16 = -2*f. Let c be (10 - 1*(2 - -1)) + z. What is the greatest common factor of c and 90?
10
Let p be 8*(189/(-6))/(-7). Suppose -f + 360 = 3*f. What is the greatest common factor of p and f?
18
Let c = -517 - -846. What is the highest common divisor of c and 1